9
What are the prime factors of 1174958?
2, 311, 1889
List the prime factors of 23372715.
3, 5, 23, 37, 1831
What are the prime factors of 816041?
53, 89, 173
What are the prime factors of 39109646?
2, 569, 34367
List the prime factors of 294304.
2, 17, 541
What are the prime factors of 369901?
7, 7549
List the prime factors of 451428.
2, 3, 37619
What are the prime factors of 2781890?
2, 5, 283, 983
List the prime factors of 10452677.
10452677
What are the prime factors of 1754261?
67, 26183
List the prime factors of 377832.
2, 3, 7, 13, 173
What are the prime factors of 5140706?
2, 37, 127, 547
What are the prime factors of 19651483?
19651483
What are the prime factors of 1017833?
37, 27509
List the prime factors of 1065340.
2, 5, 53267
List the prime factors of 689946.
2, 3, 59, 1949
List the prime factors of 4082991.
3, 11, 123727
List the prime factors of 9275557.
17, 545621
What are the prime factors of 27760093?
4751, 5843
List the prime factors of 44926.
2, 7, 3209
List the prime factors of 271768.
2, 7, 23, 211
What are the prime factors of 48595?
5, 9719
List the prime factors of 260854.
2, 11, 71, 167
What are the prime factors of 3817643?
53, 72031
What are the prime factors of 196423?
89, 2207
List the prime factors of 379845.
3, 5, 23, 367
What are the prime factors of 204753?
3, 131, 521
What are the prime factors of 15934172?
2, 3983543
What are the prime factors of 850702?
2, 31, 13721
What are the prime factors of 351265?
5, 163, 431
List the prime factors of 210579.
3, 17, 4129
What are the prime factors of 6473?
6473
What are the prime factors of 29496148?
2, 11, 97, 6911
List the prime factors of 3420210.
2, 3, 5, 173, 659
What are the prime factors of 829543?
11, 13, 5801
List the prime factors of 369939.
3, 317, 389
What are the prime factors of 353900?
2, 5, 3539
List the prime factors of 5527484.
2, 1381871
List the prime factors of 760976.
2, 199, 239
What are the prime factors of 560735?
5, 7, 37, 433
List the prime factors of 573597.
3, 17, 23, 163
List the prime factors of 206963.
67, 3089
What are the prime factors of 25570194?
2, 3, 13, 327823
List the prime factors of 20892105.
3, 5, 13, 71, 503
What are the prime factors of 815763?
3, 13, 1609
What are the prime factors of 1797175?
5, 71887
What are the prime factors of 433561?
19, 1201
What are the prime factors of 4675157?
4675157
List the prime factors of 881087.
19, 79, 587
List the prime factors of 3454576.
2, 71, 3041
What are the prime factors of 2195016?
2, 3, 91459
What are the prime factors of 4878777?
3, 1626259
List the prime factors of 309408.
2, 3, 11, 293
What are the prime factors of 205453?
205453
What are the prime factors of 1981834?
2, 990917
What are the prime factors of 9401252?
2, 7, 71, 4729
What are the prime factors of 897229?
897229
List the prime factors of 280556.
2, 70139
What are the prime factors of 126122?
2, 19, 3319
List the prime factors of 137967.
3, 45989
What are the prime factors of 587805?
3, 5, 149, 263
What are the prime factors of 609945?
3, 5, 7, 37, 157
List the prime factors of 2110412.
2, 527603
List the prime factors of 334749.
3, 241, 463
What are the prime factors of 230101?
230101
What are the prime factors of 13384790?
2, 5, 1338479
What are the prime factors of 824035?
5, 29, 5683
What are the prime factors of 571593?
3, 11, 17321
What are the prime factors of 742170?
2, 3, 5, 11, 13, 173
List the prime factors of 357103.
357103
List the prime factors of 58628.
2, 14657
List the prime factors of 5653003.
79, 163, 439
List the prime factors of 1321874.
2, 113, 5849
What are the prime factors of 28614040?
2, 5, 7, 13, 1123
What are the prime factors of 16785027?
3, 7, 157, 1697
What are the prime factors of 6790601?
367, 18503
What are the prime factors of 7649735?
5, 1529947
List the prime factors of 245950.
2, 5, 4919
What are the prime factors of 4469514?
2, 3, 7, 106417
List the prime factors of 35973766.
2, 127, 141629
List the prime factors of 265764.
2, 3, 22147
What are the prime factors of 12451656?
2, 3, 7, 137, 541
What are the prime factors of 3339723?
3, 31, 35911
List the prime factors of 565700.
2, 5, 5657
What are the prime factors of 162773?
13, 19, 659
What are the prime factors of 195721?
17, 29, 397
List the prime factors of 301702.
2, 251, 601
List the prime factors of 3596411.
7, 13, 39521
What are the prime factors of 13219072?
2, 51637
What are the prime factors of 1081813?
1081813
List the prime factors of 425068.
2, 7, 17, 19, 47
List the prime factors of 2035029.
3, 678343
List the prime factors of 98561.
98561
List the prime factors of 31810201.
71, 448031
What are the prime factors of 948734?
2, 293, 1619
What are the prime factors of 3951337?
13, 29, 47, 223
List the prime factors of 2880758.
2, 1440379
What are the prime factors of 246166?
2, 123083
List the prime factors of 215787.
3, 11, 13, 503
What are the prime factors of 932467?
17, 54851
What are the prime factors of 119549?
119549
What are the prime factors of 12726436?
2, 3181609
List the prime factors of 390549.
3, 130183
What are the prime factors of 5097711?
3, 1699237
List the prime factors of 21176981.
7, 1289, 2347
List the prime factors of 451552.
2, 103, 137
List the prime factors of 1331769.
3, 23, 19301
What are the prime factors of 3130351?
7, 447193
What are the prime factors of 40823?
40823
What are the prime factors of 865157?
29, 29833
What are the prime factors of 23281300?
2, 5, 7, 79, 421
What are the prime factors of 177646?
2, 7, 12689
What are the prime factors of 1219359?
3, 17, 23909
What are the prime factors of 210576?
2, 3, 41, 107
What are the prime factors of 17110913?
1321, 12953
List the prime factors of 13597807.
17, 23, 83, 419
What are the prime factors of 240228?
2, 3, 6673
What are the prime factors of 428746?
2, 214373
List the prime factors of 7244520.
2, 3, 5, 73, 827
List the prime factors of 7685475.
3, 5, 7, 14639
What are the prime factors of 1380341?
1380341
What are the prime factors of 1334725?
5, 7, 29, 263
List the prime factors of 240926.
2, 7, 17209
List the prime factors of 1119589.
1119589
What are the prime factors of 4509848?
2, 7, 29, 2777
List the prime factors of 10266411.
3, 3422137
List the prime factors of 1027754.
2, 7, 13, 5647
List the prime factors of 1076753.
1076753
List the prime factors of 15231841.
15231841
What are the prime factors of 4391064?
2, 3, 29, 701
List the prime factors of 22408437.
3, 1493, 5003
What are the prime factors of 265029?
3, 23, 167
What are the prime factors of 29455992?
2, 3, 569, 719
List the prime factors of 3447404.
2, 29, 113, 263
What are the prime factors of 193055?
5, 38611
List the prime factors of 1186974.
2, 3, 17, 431
What are the prime factors of 2608537?
37, 70501
What are the prime factors of 129707?
129707
What are the prime factors of 674786?
2, 7, 157, 307
List the prime factors of 1977312.
2, 3, 43, 479
What are the prime factors of 280599?
3, 11, 773
What are the prime factors of 399282?
2, 3, 13, 5119
What are the prime factors of 3974291?
3974291
List the prime factors of 206613.
3, 11, 2087
What are the prime factors of 20386642?
2, 307, 33203
List the prime factors of 888122.
2, 23, 43, 449
List the prime factors of 289044.
2, 3, 7, 31, 37
What are the prime factors of 1187890?
2, 5, 11, 10799
List the prime factors of 5990124.
2, 3, 7, 29, 2459
List the prime factors of 3945210.
2, 3, 5, 131507
What are the prime factors of 6767991?
3, 29, 25931
What are the prime factors of 3412188?
2, 3, 13, 23, 317
What are the prime factors of 14425495?
5, 7, 412157
What are the prime factors of 10502397?
3, 31, 37643
What are the prime factors of 1089832?
2, 23, 5923
What are the prime factors of 27437643?
3, 17, 23, 113
List the prime factors of 14557.
14557
List the prime factors of 1021173.
3, 17, 20023
What are the prime factors of 574116?
2, 3, 47843
List the prime factors of 244892.
2, 61223
What are the prime factors of 1390194?
2, 3, 13, 457
What are the prime factors of 30021?
3, 10007
List the prime factors of 99532.
2, 149, 167
What are the prime factors of 299460?
2, 3, 5, 7, 23, 31
What are the prime factors of 444133?
83, 5351
List the prime factors of 4239225.
3, 5, 83, 227
What are the prime fact